s the highest common divisor of g and 54?
6
Let w(n) = 3*n**2 - 2*n + 3. Let q be w(3). What is the greatest common factor of 6 and q?
6
Let l(k) = 4*k + 0*k + 5*k - 3 - k**2. Let b be l(6). What is the highest common factor of b and 60?
15
Suppose -800 = -10*u + 6*u. Calculate the greatest common divisor of u and 80.
40
Suppose -2 = -i + 5. Calculate the greatest common divisor of 7 and i.
7
Let u be (-20)/8*6/(-5). Suppose -16 = -u*t - t. Suppose -33 = -2*z + 3*l, -z + l + t*l + 20 = 0. Calculate the highest common factor of 6 and z.
3
Let c be 33/1*4/12. Suppose -c = 2*r - 53. Let u = 47 + -40. Calculate the highest common divisor of r and u.
7
Let j be 5/10 - (-2)/4. What is the highest common divisor of j and 2?
1
Suppose 2 = 5*t - 4*t. Let v(w) = 3*w - 3. Let z be v(5). Let i be z/((-6)/(-16)*2). What is the greatest common divisor of t and i?
2
Suppose c = -2*c. Suppose -3*h - 3*p = -2*h - 16, c = -h - 5*p + 22. Calculate the highest common factor of h and 56.
7
Suppose 10 = 5*y - 3*y. Calculate the highest common divisor of y and 55.
5
Let q(x) = x**3 - 8*x**2 - 12*x + 3. Let f be q(9). Let v = 6 - f. Calculate the highest common divisor of v and 75.
15
Let f(b) = b**2 + 3*b - 1. Let a be f(-3). Let d be a + (-1)/(-2)*22. Let m be (-10)/(-45) + 628/9. What is the greatest common factor of m and d?
10
Let v be 12/10 - (-1)/(-5). Let f be (12/(-9) - -4)*3/1. Calculate the highest common factor of v and f.
1
Suppose 2*s - s - 6 = 0. What is the greatest common factor of 3 and s?
3
Suppose -1 = z, z = v - 3*v - 3. Let h = v - -5. Suppose -2*t = h - 24. What is the greatest common divisor of t and 40?
10
Let d = -2 - -7. What is the highest common factor of d and 25?
5
Let r = -12 - -47. What is the highest common divisor of 28 and r?
7
Suppose 3*g + 3 - 24 = 0. Let w be 1*0/2 + 4. Suppose w*t + 5*s - 328 = 0, 0 = -t - 7*s + 3*s + 93. What is the greatest common factor of t and g?
7
Suppose 0 = -5*q + q + 8. Suppose 2*p - 30 = -5*v, 5*v - 2*p + 5 = 3*p. Suppose v*t + 2 = 22. Calculate the greatest common factor of q and t.
1
Let k(o) be the third derivative of -o**6/120 - o**4/24 + 55*o**3/6 + 3*o**2. Let f be k(0). Calculate the greatest common divisor of 22 and f.
11
Let y = 8 - 6. Suppose y*l - 528 = -l. Suppose -2*q = 4*u - 40, -4*q - 4*u = -40 - 32. What is the greatest common divisor of q and l?
16
Let g = 30 + 21. Suppose 4 = -2*a + h, -5*h = -5*a + a - 20. Suppose a*r + g = r. What is the highest common divisor of 17 and r?
17
Let f be (36/2)/(6 + -5). Let p be f/(2 + 11/(-6)). Suppose -b + 35 = -p. Calculate the highest common factor of 13 and b.
13
Let a = -2 + 6. Suppose 3*f = 3*i - 7*i - 6, -3*f - 2*i = 0. Calculate the highest common divisor of f and a.
2
Let u = -77 + 91. What is the highest common divisor of u and 238?
14
Let k(w) = 22*w**3 + 1. Let m be 4/(-18) - 11/(-9). Let g be k(m). Let c = 42 + g. Calculate the highest common factor of c and 26.
13
Let z = 10 + -7. Suppose m + a + 8 = 3*m, a - 7 = -3*m. Let q be 72/27 - 2/m. What is the greatest common divisor of z and q?
1
Suppose -5*y = -5*j - 10, j + 2*y = -0*y + 13. Suppose 5*s = j*s + 46. What is the highest common divisor of 92 and s?
23
Let m be (-984)/(-40) + (2 - (-26)/(-10)). Let n be 2/(-7) - 170/(-7). What is the highest common factor of m and n?
24
Let m = 82 + -52. Let p be -105*(4/(-6) - 0). Let r = p - 50. Calculate the highest common divisor of r and m.
10
Let g be 81/5 + (-1)/5. Calculate the greatest common factor of g and 48.
16
Let w(j) = 2*j**3 + 22*j**2 - 2*j - 2. Let q be w(-11). Calculate the highest common divisor of q and 5.
5
Suppose -5*b = -3*b - 8. What is the highest common factor of b and 28?
4
Let v = 8 - 9. Let u = 7 - v. Calculate the highest common factor of u and 8.
8
Let n be ((-22)/(-55))/((-1)/(-5)). Suppose 4*s = -i + 57, -n*s + 2*i - 5*i + 41 = 0. Calculate the greatest common divisor of 117 and s.
13
Suppose 25*r = 15*r + 190. What is the greatest common divisor of 152 and r?
19
Let a = -88 + 158. Suppose -76 - a = -2*z. Let o = z + 62. What is the greatest common divisor of 15 and o?
15
Suppose 361 = 2*f + 123. Suppose m = -3*s + f, -5*m = s + 2*s - 115. What is the highest common divisor of s and 8?
8
Let s = -27 - -47. Suppose j - 210 = -6*j. Calculate the greatest common divisor of j and s.
10
Let m = -4 - -8. Let w be (-23)/m + (-3)/12. Let p be 4/w - 68/(-12). What is the highest common divisor of p and 20?
5
Let g = -20 + 25. Calculate the highest common factor of g and 35.
5
Let n(b) = 2*b**3 - 4*b**2 - b - 1. Let r be n(3). What is the highest common factor of 42 and r?
14
Suppose -117 = -0*v - 2*v + b, 5*b + 305 = 5*v. Calculate the highest common factor of v and 7.
7
Let z be -3 + 3 - (0 + -2). Suppose 4*i = 2*k - 80, -2*i - 3*k + k - 46 = 0. Let p = i + 37. What is the greatest common factor of z and p?
2
Suppose 0*p + 5*p = 25, -5*p + 29 = -2*w. Let q be -120*(8/(-3) - w). Calculate the highest common factor of 32 and q.
16
Suppose m + m = 4*x + 168, 4*m = -5*x + 362. Let a be (-1)/((-202)/50 + 4). Let t = 33 - a. Calculate the greatest common divisor of t and m.
8
Suppose 0 = 3*a - 2*a - 140. Calculate the highest common divisor of 20 and a.
20
Let x(w) = 4*w - 12 - 4*w**2 + 4*w**3 - 5*w + 13. Let f be x(3). Calculate the greatest common divisor of f and 28.
14
Suppose 4*f = 36 - 8. Let x = 84 - 21. Calculate the highest common factor of f and x.
7
Let t(z) be the first derivative of -z**3/3 + 5*z**2 - z + 1. Let w be t(8). Suppose 0 = 5*v - 0*v - 75. What is the greatest common divisor of w and v?
15
Suppose -4*t = -6*t + 368. Suppose 0*b + 2*b - t = 0. Let k be b/9 + (-2)/9. Calculate the highest common factor of 10 and k.
10
Let v(a) = a**2 - 2. Let h be v(0). Let t be 40*(-2 + (-5)/h). Calculate the highest common factor of t and 8.
4
Let p = -4 - 1. Let v(k) = k**2 + 4*k - 3. Let q be v(p). Let i = 63 + -41. What is the greatest common factor of q and i?
2
Let a = 127 + -43. Calculate the highest common divisor of a and 21.
21
Let b be (-2)/(-4)*(-1 + -7). Let w(o) = o**2 - o - 5. Let n be w(b). What is the greatest common factor of n and 105?
15
Let a be (8/10)/(1/270). What is the greatest common factor of 27 and a?
27
Suppose g = 4*g - 9. Suppose -40 = -3*f - 13. Calculate the greatest common divisor of g and f.
3
Let p(m) = -2*m**3 - 10*m**2 + 12. Let q be p(-8). Calculate the greatest common factor of 36 and q.
36
Let n = 9 + -5. Suppose 151 = n*c - 129. What is the greatest common factor of 28 and c?
14
Let d(x) = x**2 - 2*x - 1. Suppose -3*k - 4*n - 31 = 0, 3*n + 0*n = 4*k + 8. Let s be d(k). What is the highest common factor of 85 and s?
17
Let k(t) be the second derivative of -4*t**3/3 + 8*t. Let b be k(-10). Let g be (-41)/(-2) + (-2)/4. What is the greatest common divisor of b and g?
20
Let v be -2 + -2 + 0 + 7. Suppose -7*w = 8 - 148. Let t = v + w. Calculate the greatest common factor of t and 23.
23
Let u(s) = 4*s**2 - 4*s + 6. Let w be 76/18 + 2/(-9). Let k be u(w). What is the highest common factor of 6 and k?
6
Let l(w) = -w**3 - w**2 - w + 8. Let r be l(0). Calculate the highest common factor of r and 1.
1
Let a(m) = -8*m - 2. Let g be a(-2). Let i be 2/(-7) + (-206)/14. Let r be (-2)/5 - 426/i. What is the highest common divisor of r and g?
14
Let u(k) = 5*k. Let y be u(1). Let p(a) = a**3 + 8*a**2 - 11*a - 8. Let l be p(-9). Calculate the greatest common divisor of y and l.
5
Let i be -2*((-2)/4 + -1). Suppose 3*v = 3*d + 24, -5*v + i*v = 3*d - 11. Let z be ((-8)/6)/(2/(-21)). What is the greatest common divisor of v and z?
7
Let m be (504/15)/(6/20). Let v = -51 - -65. What is the highest common divisor of m and v?
14
Let u(t) = 33*t + 22. Let g be u(4). Calculate the highest common factor of 22 and g.
22
Let i be (-1 - 2/(-8))/(13/(-2600)). What is the highest common factor of i and 60?
30
Let p be 4/26 + 2190/130. Suppose 0 = 5*g - p - 23. What is the greatest common divisor of g and 56?
8
Suppose 3*m = -2*h + 2, 3*m - 2 - 10 = 3*h. Let z = 11 + -8. Suppose q - 17 = -m*f, z*f = 2*q - 8 - 5. What is the greatest common divisor of q and 121?
11
Let m(n) = 36*n**2 - 1. Let x be m(1). What is the greatest common divisor of 385 and x?
35
Suppose -91 = -r - 6*r. Calculate the highest com